 be v(-3). Calculate the greatest common factor of c and 2277.
69
Suppose 4*v + 120 = 200. Suppose 0 = -5*h - 2*j + 256, 4 - 13 = -3*j. Calculate the highest common divisor of h and v.
10
Suppose 5*f + 2*a - 22924 + 7228 = 0, -a + 12558 = 4*f. What is the greatest common divisor of f and 20?
20
Let g = 30 - 46. Suppose t - 29 = 2*r - 0*t, 0 = -r + 5*t - 19. Let b be (-80)/r + g/(-56). Calculate the greatest common divisor of b and 15.
3
Let n be 6 + 0 + 65 - 1. Let b be (-108 + 0)/(-9) - -233. Calculate the highest common factor of b and n.
35
Let q = 4852 + -4848. What is the highest common factor of 256 and q?
4
Let w = 1582 + 1889. Calculate the greatest common divisor of w and 39.
39
Suppose 3*f + 5*o - 248 = 0, o - 53 = -2*f + 89. Let a = -77 - -121. Calculate the highest common divisor of f and a.
22
Let k(x) = 4*x + 8. Let t(i) = -i**2 + 2*i + 6. Let s(c) = 3*k(c) - 4*t(c). Let v = 11 + -15. Let f be s(v). Calculate the highest common divisor of f and 12.
12
Let f(n) = 4*n + 196. Let v be f(-45). Suppose -v*k - 106 = -3690. Calculate the highest common factor of 14 and k.
14
Suppose 0 = 2*v - 4*b - 18, 3*v + 9 = -14*b + 11*b. Let s be (-56 - -57)/(-1*v/(-138)). What is the greatest common factor of 6 and s?
6
Let o be (-55)/22*(1 + 18/(-10)). Suppose -51*a + 8820 = -o*a. What is the highest common factor of a and 36?
36
Suppose 0 = 3*f + 32*f - 350. Let l be 363/(-15)*(-5)/f*10. Let i = 19 + -8. What is the greatest common divisor of l and i?
11
Suppose 9 = 2*u + 1. Suppose -l + 720 = u*l. Suppose 9*d - 14*d = -80. Calculate the highest common divisor of d and l.
16
Suppose -2507 = 58*u - 7089. Calculate the highest common factor of 15563 and u.
79
Suppose 28*a - 28884 + 5476 = 0. What is the highest common divisor of 132 and a?
44
Let f = 111 - -25. Let t = -133 + f. What is the greatest common factor of 12 and t?
3
Let t(l) = -l**3 - 7*l**2 - 7*l + 1. Let i be t(-7). Suppose 0 = 71*p - 838 - 937. What is the highest common divisor of p and i?
25
Let a be (-1395)/225 + (-2)/(-10). Let v be -267*((-171)/27 - a). What is the highest common factor of 356 and v?
89
Let i = 42 + -27. Let j = 8728 + -8623. Calculate the highest common divisor of j and i.
15
Let o be (-14142)/(-22) + (1824/(-132) - -14). Let g = -605 + o. What is the greatest common divisor of g and 95?
19
Let s be (8/(-12))/(1/6). Let p(y) = -4*y + 3. Let h be p(s). Suppose -2*g - 127*a = -123*a - 332, 0 = 3*a - 21. What is the highest common divisor of h and g?
19
Suppose -5*h + 362 = 4*m - 150, 0 = m - 4*h - 149. Suppose 479 + m = 9*k. Let j = k - 61. What is the highest common factor of 21 and j?
7
Let c = -6 + 8. Let r(q) = -60*q - 1602. Let m be r(-27). Calculate the highest common divisor of c and m.
2
Suppose -3*u + 0*u - 2660 = -22*u. Calculate the highest common factor of 180 and u.
20
Let v(l) = -l**2 - 22*l + 37. Suppose 3*b - 23*h + 20*h + 51 = 0, 5 = -h. Let f be v(b). Calculate the greatest common divisor of f and 74.
37
Let a(z) = -z**3 - 10*z**2 - 36*z - 22. Let b be a(-9). Let w = 227 - b. Calculate the greatest common factor of 402 and w.
6
Suppose 0 = 4*r + 14*r + 90. Let n be (-4 + 3 + r)*(-8)/16. Calculate the highest common factor of n and 75.
3
Let v = -162 + 163. Let j be v - 5 - (-6 - 150/10). Calculate the highest common factor of 136 and j.
17
Let p = -605 - -639. Suppose -28*t + p = -26*t. Suppose -11 + 266 = 3*c. Calculate the highest common factor of t and c.
17
Let c(o) = o**3 + 4*o**2 - 56*o - 36. Let p be c(-9). Calculate the greatest common factor of 1953 and p.
63
Suppose 44982 = 207*l - 94*l - 95*l. What is the highest common factor of 294 and l?
147
Let j = -3383 - -4967. Calculate the greatest common divisor of 2016 and j.
144
Suppose -79*w + 10932 = -1234. Calculate the highest common factor of 1050 and w.
14
Suppose 548*t - 504*t - 881100 = 0. What is the greatest common divisor of t and 15?
15
Suppose -87*h + 83*h = -8. Suppose u - 1 = 0, 262 = h*a + 3*u - 181. Calculate the highest common divisor of a and 20.
20
Let s = 516 - 11. Let k = s - 330. What is the greatest common factor of 7 and k?
7
Let d = 27343 + -27200. Calculate the highest common divisor of 91 and d.
13
Let i(k) = -4 + 8*k - 1 + 2 + 5 + 25*k**2 + 2*k**3. Let t be i(-12). Let c = t - 43. What is the greatest common factor of 1 and c?
1
Suppose -116893 = -42*v + 860867. What is the highest common factor of 291 and v?
291
Suppose -4*h - 347*u = -350*u - 56, 0 = 2*u + 16. What is the highest common divisor of 9356 and h?
4
Let q(i) = 3*i**2 + 37*i + 192. Let s be q(-15). What is the highest common factor of 69576 and s?
312
Let f be 1 + (-3)/2 + 350/(-4). Let n = 92 + f. Calculate the greatest common factor of n and 72.
4
Suppose -43*n + 7932 + 22598 = 0. What is the greatest common divisor of n and 1207?
71
Let g(p) = 528*p - 2617. Let k be g(6). What is the highest common divisor of k and 19?
19
Let b be (-17 + -3)/((-1)/8). Let n = 22039 + -21839. Calculate the highest common factor of b and n.
40
Let r(g) = g**3 + g + 10. Let n = 64 - 65. Let i be 32 + -30 + -1 + n. Let l be r(i). What is the greatest common divisor of 30 and l?
10
Let q(i) = i**2 + 58*i - 277. Let a be q(-68). What is the highest common factor of a and 248?
31
Let l be 32*(-4 + -3)*(-3)/2. Let n be 235 + (l/189 - 4/(-18)). Suppose 5*w = -y + 5*y - n, 5*y = -2*w + 321. What is the greatest common factor of y and 9?
9
Suppose -282 = -26*d + 134. What is the highest common divisor of d and 596?
4
Let c be (-3 + -1)*1 - 2. Let w be (-1)/(-3) - (-422)/c. Let h = -18 - w. What is the greatest common divisor of 130 and h?
26
Suppose -6*v + 8*v = 3*a - 1594, 0 = -4*a + v + 2127. Let m be (-19)/1*(18 + -22). What is the greatest common divisor of a and m?
76
Suppose 5*s = -5*k + 25, -2*k + 1 = -k + 5*s. Suppose -7*y + 11 = -k*y. Let m be 53/y + (-12)/(-66). Calculate the greatest common factor of m and 40.
5
Suppose 9206 - 7583 + 18329 = 172*q. What is the highest common factor of q and 493?
29
Suppose -4*p = -3*h + 403, -p + 5*p - 5*h + 405 = 0. Let x = p - -120. Calculate the highest common factor of x and 370.
10
Let o(p) = 104*p - 13. Let b be o(7). Calculate the highest common factor of b and 2288.
143
Suppose 0 = p - 2*p + 4, -176 = -5*f - 4*p. Let d be 2696/f + 2/(-8). What is the highest common factor of d and 105?
21
Let g = 2696 + -1758. Let r = g - 927. Let c(f) = 8*f - 2. Let b be c(3). Calculate the highest common factor of r and b.
11
Suppose -3*f - 2*q + 7156 = 0, 18*f - q + 9538 = 22*f. What is the highest common divisor of f and 447?
149
Let q be ((-1346 - 3) + 6)*((-35)/7 + 4). What is the highest common factor of q and 34?
17
Let z = -13883 + 14466. What is the greatest common divisor of 352 and z?
11
Suppose -4*p + 0*p + 12 = 0, 2*p + 50 = 2*s. Let i = 431 - s. Calculate the greatest common factor of 31 and i.
31
Let w = 4053 + -3725. Calculate the greatest common divisor of 4 and w.
4
Let w = 169 + -169. Suppose -4*b - 5*y + 760 = w, -b - 2*b + 5*y + 570 = 0. What is the highest common factor of 114 and b?
38
Let b = 2575 - -14307. What is the greatest common divisor of 92 and b?
46
Let u(v) = v**2 + 7*v - 2. Let k be u(-8). Suppose 605 = k*z - z. Let l be 3 - -11 - (-43 - -4)/(-13). What is the highest common divisor of z and l?
11
Suppose 4*p = 2*i - 158, -3*i + 0*i - 4*p + 237 = 0. Let q = i + 11. Suppose 4*c - q = 2*c. What is the highest common factor of c and 9?
9
Suppose o - 370 - 846 = 0. Suppose -105*v = -101*v - o. Calculate the highest common divisor of 32 and v.
16
Let d be (-67150)/(-90) - 24/(-27). Calculate the highest common divisor of 415 and d.
83
Let d be 62/(-8 + 264/32). Let c be (17/(-4))/((-31)/d). What is the highest common divisor of c and 136?
34
Suppose 10*p = 5*p + 535. Suppose -5 = p*o - 106*o. Let d be 3 + 133/(o/(-5)). What is the highest common divisor of d and 17?
17
Let m = 20012 + -18806. What is the highest common divisor of 306 and m?
18
Let s = 198 - 278. Let m = 240 - s. Suppose -2*z + 112 = 3*q, -2*z + 4*z = -5*q + 192. What is the highest common factor of m and q?
40
Suppose 13*m = 17*m - 3*k - 135, 0 = -2*k - 10. Calculate the greatest common factor of 795 and m.
15
Let s be ((-420)/4)/((-10 + 6)/4). Calculate the greatest common divisor of 